 344. List the prime factors of r.
2, 43
What are the prime factors of 16 - 9 - (-8569 - -4)?
2, 2143
Let b = 50787 - 36029. What are the prime factors of b?
2, 47, 157
Suppose 39060 = -11780*q + 11787*q. What are the prime factors of q?
2, 3, 5, 31
Suppose -24*i + 5644 + 3380 = 0. Let g = 25 + i. List the prime factors of g.
401
Suppose -5*c - 41971 = -49*q + 47*q, -q + 21031 = 4*c. List the prime factors of q.
3, 7001
Let x(s) = 2*s**3 - 13*s**2 - 2*s - 2. Let v be (-2 - -1)/(4/(-40) - 0). What are the prime factors of x(v)?
2, 3, 113
What are the prime factors of 4856/2 - 25*11/(-55)?
3, 811
Let i = -38 + 43. Suppose 7*t + 40 - i = 0. What are the prime factors of 172/t*(-10)/4?
2, 43
Suppose 0 = 2*g + 5*m + 705, -4*g - m + 4*m = 1475. Let o be (-8612)/16 - 2/(-8). Let l = g - o. What are the prime factors of l?
173
Let y(w) = 226*w - 8. Let z be y(2). Let j = z - 236. What are the prime factors of j?
2, 13
Let s(d) be the second derivative of d**5/120 + 5*d**4/12 - 19*d**3/6 - 9*d. Let o(i) be the second derivative of s(i). What are the prime factors of o(11)?
3, 7
Let t = 4731 - 2816. Let h = t - 907. What are the prime factors of h?
2, 3, 7
Let c be (6 - 3) + -63 + (1 - 5). Let g be (4128/c)/((-6)/16). Let y = g - 42. List the prime factors of y.
2, 5, 13
Let x be (105/(-14))/(((-21)/6)/(-7)). Let u = 504 + x. What are the prime factors of u?
3, 163
What are the prime factors of (53376 + 21)*(4 + (-22)/6)?
3, 17, 349
Suppose 82*b + 348868 - 855723 = 890261. List the prime factors of b.
2, 7, 1217
Let r = -913 + 918. Let i(t) = -6 - 3*t + 3*t**3 + 2*t + 6*t - 9*t**2 + t**2. List the prime factors of i(r).
2, 97
Let j(r) be the second derivative of -5*r**2 + 5*r + 31/6*r**3 + 0. What are the prime factors of j(3)?
83
Let s be (-120)/210 - 6418/14. Let r = 657 + s. List the prime factors of r.
2, 3, 11
Suppose 59*b = 97*b - 1713686. List the prime factors of b.
13, 3469
Let v(f) be the second derivative of -f**6/360 + 11*f**5/120 - 3*f**4/8 + f**3 - 4*f. Let k(i) be the second derivative of v(i). List the prime factors of k(7).
19
List the prime factors of 4 + (-104650)/(-15) + (-4)/(-3).
2, 3491
Let t(l) = -6*l - 57. Let r be t(-11). Let p(j) = j**3 - 8*j**2 - 8*j - 6. Let v be p(r). Let s(k) = 47*k - 6. List the prime factors of s(v).
3, 5
Let k(l) = -24*l + 6. Let n = 41 - 65. Let q = 18 + n. List the prime factors of k(q).
2, 3, 5
Suppose -4*x + 8665 = -5*s, 10*s - 6*s - 4*x + 6936 = 0. List the prime factors of 30/4*s/(-117)*6.
5, 7, 19
Let p(n) = 67*n + 93. Let i(k) = -10*k**3 + k**2 - 1. Let t be i(-1). List the prime factors of p(t).
7, 109
Let w(l) = 1785*l - 4695. List the prime factors of w(22).
3, 5, 461
Let j = -5502 - -12534. What are the prime factors of j?
2, 3, 293
Suppose 0 = 4*k - 20, -2*t - t = 2*k - 1723. Let n = -379 + t. What are the prime factors of n?
2, 3
Suppose -4*h + 2*m + 42 = -12, 0 = 5*m + 15. Suppose -798 = 32*o - 33*o + n, -h = 4*n. What are the prime factors of o?
3, 5, 53
Suppose -4*m = -6*m - y + 16732, 0 = 2*m - 2*y - 16720. Let a be (-6)/(-45) + (m/(-45))/(-1). Let t = a - 47. What are the prime factors of t?
139
Let g(d) = -d**2 - d - 1. Let r(p) = 3*p**2 - 8*p - 14. Let t(o) = -6*g(o) + 2*r(o). List the prime factors of t(-7).
2, 3, 53
Suppose 0 = -10*x + 647 - 137. Suppose 3*l - 1 - 32 = 3*h, 4*l + 3*h - x = 0. What are the prime factors of l?
2, 3
Suppose -21*j + 34*j = -38*j + 783819. List the prime factors of j.
3, 47, 109
Suppose 0*g - 5*j = 2*g - 14, 0 = -4*g - j + 10. Suppose -g*c - 9 = -25. What are the prime factors of 2 + -20*(350/c)/(-7)?
127
Let d be ((1 - 0)*-1)/(1/30). Let l = 81 - d. What are the prime factors of l?
3, 37
Suppose 3*y + 0*x - 5*x - 99 = 0, -4*y + 132 = 2*x. Let p = -1 + -11. Let q = p + y. List the prime factors of q.
3, 7
Suppose b = 297 + 170. Let u = 1112 - b. What are the prime factors of u?
3, 5, 43
Let q = -4803 - -6562. List the prime factors of q.
1759
Suppose q - 4*i - 37 = 107, q - 5*i - 143 = 0. Suppose -w = -4*c - 4*w - 410, -316 = 3*c - 2*w. Let o = q + c. What are the prime factors of o?
2, 11
Let j(f) = 4 + 23*f + 3*f - 4*f. Let b be j(-4). Let d = -59 - b. What are the prime factors of d?
5
Let j(a) = -64*a**2 - 15*a + 46. Let m(q) = -16*q**2 - 4*q + 11. Let n(l) = 2*j(l) - 9*m(l). What are the prime factors of n(-4)?
3, 5
Let h(o) be the first derivative of -o**4/4 + 14*o**3/3 - o**2 + 16*o + 15. Let n be h(14). List the prime factors of n/42 - 1350/(-21).
2
What are the prime factors of (3 + 4 - 8) + 9294?
9293
Let d = -11625 - -21786. List the prime factors of d.
3, 1129
List the prime factors of -7 + (-1455054)/(-22) + (-230)/(-1265).
2, 3, 11, 167
Suppose 23*j - 162001 = 307337. List the prime factors of j.
2, 3, 19, 179
Suppose 0 = 5*c - d + 4*d - 7515, -2*c = -2*d - 3006. Suppose -3*t + 59 = 2*f - c, -3*f + 3 = 0. What are the prime factors of t/7 + (-12)/42?
2, 37
Let q(z) = 475*z**2 - 4*z - 4. Let c = -166 + 165. What are the prime factors of q(c)?
5, 19
Let a(h) = 2*h - 8. Let o be a(-8). Let t = 23 + o. What are the prime factors of 61 - ((-6)/3)/2*t?
2, 3, 5
Suppose -5*o + 40 = 3*x, -22*o + 23*o - 2 = 0. What are the prime factors of -5*(-566)/x - -8?
3, 97
Let c(y) = y**3 - 4*y**2 + 4*y - 1. Let h be c(2). Let x(m) = -6*m - 2. Let u be x(h). What are the prime factors of (-104 - u)*2/(-4)?
2, 3
Let h(u) = 11*u - 19. Let d be ((-16)/28)/(6/(-357)). Let m = d + -24. List the prime factors of h(m).
7, 13
Let y = 1197 - 2347. Let b = -768 - y. List the prime factors of b.
2, 191
Let s be (-6)/(-8) + (-202425)/(-100). Suppose 22*o - 5257 - s = 0. List the prime factors of o.
331
Suppose -5*s = 3*f - 39218, -16*s + 21*s = -2*f + 39222. List the prime factors of s.
2, 3923
Suppose 51*r - 56*r = -4*h - 296830, -4*r + 237475 = -h. What are the prime factors of r?
2, 3, 5, 1979
Suppose -5*l - 6 = -3*c, c - 19 = -0*c - 4*l. What are the prime factors of 349 + (-2)/((-8)/(-28)*c)?
2, 3, 29
Let p = 443 + -430. Suppose p*u - 3824 = 9*u. What are the prime factors of u?
2, 239
Let c = 4 - 3. Let b be (-4)/(-1) + (-6 - (-3)/c). What are the prime factors of (-6)/(3/(384/116) - b)?
2
Suppose 147*a - 66*a - 328050 = 0. List the prime factors of a.
2, 3, 5
Let v(u) = 13*u**2 + 18*u - 1748. What are the prime factors of v(-33)?
5, 17, 139
Let t = -58 - 140. Let l = t + 206. List the prime factors of l.
2
Suppose 5*f - 2550 = -n, -n + 4*f + 1225 = -1316. List the prime factors of n.
5, 509
Let x = -4885 + 477. List the prime factors of x/(-24) - 1/(-3).
2, 23
Suppose 0 = 2*j + 3*n - 3, -3*j + 7*n - 5*n = 15. What are the prime factors of (-945)/70*262/j?
3, 131
Let f = 1 + 59. Let n = 192 - f. What are the prime factors of n?
2, 3, 11
Suppose 0*n - 2*n + 80 = 0. Let y(d) = -2*d**2 + 97*d + 21. List the prime factors of y(n).
701
Let s be (6 - (-124)/(-16))*(6 - 1662). Suppose -s = -9*d + 2*d. What are the prime factors of d?
2, 3, 23
Let h = 7866 - 3409. List the prime factors of h.
4457
Let l be -26 + 39 - (-16)/(-2). Suppose -3*b = -w + 184, 5*w - 887 = -l*b + 9*b. What are the prime factors of w?
5, 7
Suppose -f + 21 = -2*p, f = -p + 5 + 1. Suppose 142 = f*a - 155. What are the prime factors of a?
3
Let o(w) = -30*w**3 - 29*w**2 - 10*w - 166. What are the prime factors of o(-9)?
5, 3889
Let b(v) = 2*v - 3*v - 3*v - 2*v + 13 + v**2. Let i be b(5). Let a = 47 - i. List the prime factors of a.
3, 13
Suppose -259112 = -39*d + 977695. What are the prime factors of d?
3, 11, 31
Let t be 0/((2 - 5)*3/(-9)). Let p(n) = -n**2 - n + 480. What are the prime factors of p(t)?
2, 3, 5
Suppose 6*l - 930 = 37392. What are the prime factors of l?
3, 2129
Let g(r) = r - 32. Let c be -10 + 8/(-6)*27/(-18). Let k be g(c). What are the prime factors of -4 - (k - -3)*2?
2, 5, 7
Suppose -5*s + 2*i + 57 = 0, -2*s = -4*s - i + 30. Suppose -3328 = -s*f - 3*f. What are the prime factors of f?
2, 13
List the prime factors of (-194921)/(-38) + 15/(-6).
3, 1709
Suppose 28*l - 260984 = -10*l. What are the prime factors of l?
2, 17, 101
Let s be (-6)/4*(-11830)/39. Suppose l + s = 1901. List the prime factors of l.
2, 3, 241
Suppose -3*m - 45 = 231. Let f = -100 - m. Let k = 105 - f. What are the prime factors of k?
113
Suppose -3*u = -5*u + 784. Let j = 61 + u. List the prime factors 